{"id":55,"date":"2021-03-25T10:09:15","date_gmt":"2021-03-25T10:09:15","guid":{"rendered":"https:\/\/k23410.kufnet.at\/?page_id=55"},"modified":"2021-06-15T07:35:11","modified_gmt":"2021-06-15T07:35:11","slug":"faq","status":"publish","type":"page","link":"https:\/\/buechervielfalt.net\/index.php\/faq\/","title":{"rendered":"FAQ"},"content":{"rendered":"\n<figure class=\"wp-block-image size-large is-resized\"><img loading=\"lazy\" decoding=\"async\" src=\"https:\/\/buechervielfalt.net\/wp-content\/uploads\/2021\/06\/FAQWeb-2.jpg\" alt=\"\" class=\"wp-image-901\" width=\"426\" height=\"187\" srcset=\"https:\/\/buechervielfalt.net\/wp-content\/uploads\/2021\/06\/FAQWeb-2.jpg 600w, https:\/\/buechervielfalt.net\/wp-content\/uploads\/2021\/06\/FAQWeb-2-300x132.jpg 300w\" sizes=\"auto, (max-width: 426px) 100vw, 426px\" \/><\/figure>\n\n\n\n<p id=\"block-2acbc96c-2926-419f-8b21-2b7b8f244f96\">Immer wieder werden mir Fragen zum B\u00fccherfalten gestellt. Die h\u00e4ufigsten beantworte ich hier:<\/p>\n\n\n\n<h4 class=\"wp-block-heading\" id=\"block-8de81c2e-9b3c-42c4-ae84-9ea693f16c38\"><strong>Wie macht man das? Ist das gefr\u00e4st?<\/strong><\/h4>\n\n\n\n<div class=\"wp-block-group\"><div class=\"wp-block-group__inner-container is-layout-flow wp-block-group-is-layout-flow\">\n<div class=\"wp-block-columns is-layout-flex wp-container-core-columns-is-layout-9d6595d7 wp-block-columns-is-layout-flex\">\n<div class=\"wp-block-column is-layout-flow wp-block-column-is-layout-flow\" style=\"flex-basis:100%\">\n<div class=\"wp-block-group\"><div class=\"wp-block-group__inner-container is-layout-flow wp-block-group-is-layout-flow\">\n<p>Nein, es wird nichts gefr\u00e4st oder per Laser eingraviert. Es wird jede einzelne Buchseite mit einer kleinen, spitzen Schere eingeschnitten und umgefaltet. Richtig! Das ist viel kleine Fitzelarbeit, die Geduld erfordert. Und man muss sehr exakt arbeiten, weil selbst kleine Abweichungen im Millimeterbereich bemerkbar sind und das Motiv unsauber aussehen lassen.<\/p>\n<\/div><\/div>\n<\/div>\n<\/div>\n<\/div><\/div>\n\n\n\n<h4 class=\"wp-block-heading\" id=\"block-aa193689-23cf-4290-9ed6-f89a1367ce96\"><strong>Kann man die B\u00fccher noch lesen?<\/strong><\/h4>\n\n\n\n<p id=\"block-63555651-4aa6-4e8b-8ebf-cf5c9a6fdd99\">Ja, kann man theoretisch. Wenn man sich die Arbeit machen m\u00f6chte, alle Faltungen wieder r\u00fcckg\u00e4ngig zu machen, k\u00f6nnte man das Buch noch lesen, weil prinzipiell nichts aus dem Buch ausgeschnitten, sondern nur eingeschnitten und umgefaltet wird. Eigentlich sind die B\u00fccher aber nicht mehr zum Lesen gedacht, sondern als Kunstobjekt, das den Betrachter erfreuen soll.<\/p>\n\n\n\n<h4 class=\"wp-block-heading\" id=\"block-65844b15-1c79-4bb8-a05a-6b25049e978b\"><strong>Welche B\u00fccher verwendest du?<\/strong><\/h4>\n\n\n\n<p id=\"block-616e5ce9-92e2-470a-ac4a-334911d20f81\">Gro\u00dfteils Romane und Krimis, selten auch Sachb\u00fccher. Die B\u00fccher d\u00fcrfen keine Bilder bzw. Hochglanzseiten enthalten, da diese das Motiv st\u00f6ren w\u00fcrden. Ich verwende ausschlie\u00dflich Hardcoverb\u00fccher, weil diese einen festen Stand haben. Taschenb\u00fccher w\u00e4ren zu instabil und sacken ein, was nicht sch\u00f6n aussehen w\u00fcrde.<br>Die Auswahl des Buches erfolgt nach dem einwandfreien Aussehen bzw. prim\u00e4r nach der Seitenzahl, die das Motiv erfordert. Der Inhalt des Buches passt also nicht zwangsweise zum Motiv. Was aber nicht weiter st\u00f6ren sollte, da es ja ohnehin nicht mehr zum Lesen gedacht ist.<br>Wenn du dennoch ein ganz bestimmtes Buch gefaltet haben m\u00f6chtest, ist das aber auch m\u00f6glich \u2013 sofern es gen\u00fcgend Seiten f\u00fcr das ausgew\u00e4hlte Motiv hat.<\/p>\n\n\n\n<h4 class=\"wp-block-heading\" id=\"block-b3d90866-d883-4966-9fce-839c6dc4f40f\"><strong>Muss ich das Buch selbst mitbringen\/ zur Verf\u00fcgung stellen?<\/strong><\/h4>\n\n\n\n<p id=\"block-57372328-152b-4ee9-8e2b-0ecdfb5424d2\">Nein, ich habe eine gro\u00dfe Sammlung an passenden B\u00fcchern daheim und ist das Buch im Preis inbegriffen.<br>Au\u00dfer, du m\u00f6chtest dein Motiv in ein ganz bestimmtes Buch gefaltet bekommen. Dann m\u00fcsstest du mir dieses bitte zur Verf\u00fcgung stellen bzw. kaufe ich es und verrechne dir den Preis. Voraussetzung hierf\u00fcr ist, dass es ausreichend Seiten f\u00fcr das gew\u00fcnschte Motiv hat.<\/p>\n","protected":false},"excerpt":{"rendered":"<p>Immer wieder werden mir Fragen zum B\u00fccherfalten gestellt. Die h\u00e4ufigsten beantworte ich hier: Wie macht man das? Ist das gefr\u00e4st? Nein, es wird nichts gefr\u00e4st oder per Laser eingraviert. Es wird jede einzelne Buchseite mit einer kleinen, spitzen Schere eingeschnitten und umgefaltet. Richtig! Das ist viel kleine Fitzelarbeit, die Geduld erfordert. Und man muss sehr&hellip;&nbsp;<a href=\"https:\/\/buechervielfalt.net\/index.php\/faq\/\" class=\"\" rel=\"bookmark\">Weiterlesen &raquo;<span class=\"screen-reader-text\">FAQ<\/span><\/a><\/p>\n","protected":false},"author":1,"featured_media":24,"parent":0,"menu_order":0,"comment_status":"closed","ping_status":"closed","template":"","meta":{"neve_meta_sidebar":"","neve_meta_container":"","neve_meta_enable_content_width":"","neve_meta_content_width":0,"neve_meta_title_alignment":"","neve_meta_author_avatar":"","neve_post_elements_order":"","neve_meta_disable_header":"","neve_meta_disable_footer":"","neve_meta_disable_title":"","ngg_post_thumbnail":0,"footnotes":""},"class_list":["post-55","page","type-page","status-publish","has-post-thumbnail","hentry"],"_links":{"self":[{"href":"https:\/\/buechervielfalt.net\/index.php\/wp-json\/wp\/v2\/pages\/55","targetHints":{"allow":["GET"]}}],"collection":[{"href":"https:\/\/buechervielfalt.net\/index.php\/wp-json\/wp\/v2\/pages"}],"about":[{"href":"https:\/\/buechervielfalt.net\/index.php\/wp-json\/wp\/v2\/types\/page"}],"author":[{"embeddable":true,"href":"https:\/\/buechervielfalt.net\/index.php\/wp-json\/wp\/v2\/users\/1"}],"replies":[{"embeddable":true,"href":"https:\/\/buechervielfalt.net\/index.php\/wp-json\/wp\/v2\/comments?post=55"}],"version-history":[{"count":5,"href":"https:\/\/buechervielfalt.net\/index.php\/wp-json\/wp\/v2\/pages\/55\/revisions"}],"predecessor-version":[{"id":909,"href":"https:\/\/buechervielfalt.net\/index.php\/wp-json\/wp\/v2\/pages\/55\/revisions\/909"}],"wp:featuredmedia":[{"embeddable":true,"href":"https:\/\/buechervielfalt.net\/index.php\/wp-json\/wp\/v2\/media\/24"}],"wp:attachment":[{"href":"https:\/\/buechervielfalt.net\/index.php\/wp-json\/wp\/v2\/media?parent=55"}],"curies":[{"name":"wp","href":"https:\/\/api.w.org\/{rel}","templated":true}]}}

<figure class="wp-block-image size-large is-resized"><img loading="lazy" decoding="async" src="https://buechervielfalt.net/wp-content/uploads/2021/06/FAQWeb-2.jpg" alt="" class="wp-image-901" width="426" height="187" srcset="https://buechervielfalt.net/wp-content/uploads/2021/06/FAQWeb-2.jpg 600w, https://buechervielfalt.net/wp-content/uploads/2021/06/FAQWeb-2-300x132.jpg 300w" sizes="auto, (max-width: 426px) 100vw, 426px" /></figure>



<p id="block-2acbc96c-2926-419f-8b21-2b7b8f244f96">Immer wieder werden mir Fragen zum Bücherfalten gestellt. Die häufigsten beantworte ich hier:</p>



<h4 class="wp-block-heading" id="block-8de81c2e-9b3c-42c4-ae84-9ea693f16c38"><strong>Wie macht man das? Ist das gefräst?</strong></h4>



<div class="wp-block-group"><div class="wp-block-group__inner-container is-layout-flow wp-block-group-is-layout-flow">
<div class="wp-block-columns is-layout-flex wp-container-core-columns-is-layout-9d6595d7 wp-block-columns-is-layout-flex">
<div class="wp-block-column is-layout-flow wp-block-column-is-layout-flow" style="flex-basis:100%">
<div class="wp-block-group"><div class="wp-block-group__inner-container is-layout-flow wp-block-group-is-layout-flow">
<p>Nein, es wird nichts gefräst oder per Laser eingraviert. Es wird jede einzelne Buchseite mit einer kleinen, spitzen Schere eingeschnitten und umgefaltet. Richtig! Das ist viel kleine Fitzelarbeit, die Geduld erfordert. Und man muss sehr exakt arbeiten, weil selbst kleine Abweichungen im Millimeterbereich bemerkbar sind und das Motiv unsauber aussehen lassen.</p>
</div></div>
</div>
</div>
</div></div>



<h4 class="wp-block-heading" id="block-aa193689-23cf-4290-9ed6-f89a1367ce96"><strong>Kann man die Bücher noch lesen?</strong></h4>



<p id="block-63555651-4aa6-4e8b-8ebf-cf5c9a6fdd99">Ja, kann man theoretisch. Wenn man sich die Arbeit machen möchte, alle Faltungen wieder rückgängig zu machen, könnte man das Buch noch lesen, weil prinzipiell nichts aus dem Buch ausgeschnitten, sondern nur eingeschnitten und umgefaltet wird. Eigentlich sind die Bücher aber nicht mehr zum Lesen gedacht, sondern als Kunstobjekt, das den Betrachter erfreuen soll.</p>



<h4 class="wp-block-heading" id="block-65844b15-1c79-4bb8-a05a-6b25049e978b"><strong>Welche Bücher verwendest du?</strong></h4>



<p id="block-616e5ce9-92e2-470a-ac4a-334911d20f81">Großteils Romane und Krimis, selten auch Sachbücher. Die Bücher dürfen keine Bilder bzw. Hochglanzseiten enthalten, da diese das Motiv stören würden. Ich verwende ausschließlich Hardcoverbücher, weil diese einen festen Stand haben. Taschenbücher wären zu instabil und sacken ein, was nicht schön aussehen würde.<br>Die Auswahl des Buches erfolgt nach dem einwandfreien Aussehen bzw. primär nach der Seitenzahl, die das Motiv erfordert. Der Inhalt des Buches passt also nicht zwangsweise zum Motiv. Was aber nicht weiter stören sollte, da es ja ohnehin nicht mehr zum Lesen gedacht ist.<br>Wenn du dennoch ein ganz bestimmtes Buch gefaltet haben möchtest, ist das aber auch möglich – sofern es genügend Seiten für das ausgewählte Motiv hat.</p>



<h4 class="wp-block-heading" id="block-b3d90866-d883-4966-9fce-839c6dc4f40f"><strong>Muss ich das Buch selbst mitbringen/ zur Verfügung stellen?</strong></h4>



<p id="block-57372328-152b-4ee9-8e2b-0ecdfb5424d2">Nein, ich habe eine große Sammlung an passenden Büchern daheim und ist das Buch im Preis inbegriffen.<br>Außer, du möchtest dein Motiv in ein ganz bestimmtes Buch gefaltet bekommen. Dann müsstest du mir dieses bitte zur Verfügung stellen bzw. kaufe ich es und verrechne dir den Preis. Voraussetzung hierfür ist, dass es ausreichend Seiten für das gewünschte Motiv hat.</p>

<p>Immer wieder werden mir Fragen zum Bücherfalten gestellt. Die häufigsten beantworte ich hier: Wie macht man das? Ist das gefräst? Nein, es wird nichts gefräst oder per Laser eingraviert. Es wird jede einzelne Buchseite mit einer kleinen, spitzen Schere eingeschnitten und umgefaltet. Richtig! Das ist viel kleine Fitzelarbeit, die Geduld erfordert. Und man muss sehr&hellip;&nbsp;<a href="https://buechervielfalt.net/index.php/faq/" class="" rel="bookmark">Weiterlesen &raquo;<span class="screen-reader-text">FAQ</span></a></p>
